{"id":83,"date":"2018-10-01T22:18:18","date_gmt":"2018-10-01T22:18:18","guid":{"rendered":"http:\/\/asesoresenweb.com\/?page_id=83"},"modified":"2020-06-30T17:27:46","modified_gmt":"2020-06-30T17:27:46","slug":"contacto","status":"publish","type":"page","link":"https:\/\/asesoresenweb.com\/?page_id=83","title":{"rendered":"Contacto"},"content":{"rendered":"<style>\n#fscf_hint_file_types1_4 { font-size: larger !Important; }<br \/>\n#fscf_submit1 { background-color: black; }<br \/>\n<\/style>\n<p><center><\/p>\n<p style=\"font-weight: 600;\">3a. Avenida 3-50 Zona 9, Ciudad de Guatemala<br \/>\nPBX: (502) 5923-7059<\/p>\n<p><\/center><\/p>\n<p><center><br \/>\n\t\t<section class=\"wow fadeInUp \"    ><iframe style=\"border: 0;\" src=\"https:\/\/www.google.com\/maps\/embed?pb=!1m18!1m12!1m3!1d3860.7672564911663!2d-90.52411928501621!3d14.612330180706227!2m3!1f0!2f0!3f0!3m2!1i1024!2i768!4f13.1!3m3!1m2!1s0x8589a39c6604430f%3A0x9173ed3bcf01e549!2sAsesores+en+WEB!5e0!3m2!1ses!2sgt!4v1538519174534\" width=\"85%\" height=\"450\" frameborder=\"0\" allowfullscreen=\"allowfullscreen\"><\/iframe><br \/><\/section>\n\t\t<\/center><\/p>\n<div class=\"row\">\t\t<section class=\"wow fadeInUp \"    ><div class=\"col-xs-12 col-md-4\">\n<div class=\"thumbnail\"><img decoding=\"async\" class=\"img-thumbnail\" src=\"http:\/\/asesoresenweb.com\/wp-content\/uploads\/2018\/10\/logo AEW fondo blanco circulo rojo sin fondoAA.png\" \/><\/p>\n<div class=\"caption\"><center>Asesores en WEB<\/center><\/p>\n<p align=\"justify\">La Empresa se constituye en Guatemala en el mes de agosto del a\u00f1o 2001, contamos con m\u00e1s de 18 a\u00f1os de experiencia en el \u00e1rea de Inform\u00e1tica y Desarrollo de herramientas web. Asimismo, contamos con varias opciones de software propio y varias alianzas para distribuci\u00f3n de aplicaciones de terceros.<\/p>\n<p align=\"justify\">Asesores en WEB se ha destacado por realizar desarrollos a la medida para el sector Bancario y Financiero, Recursos Humanos, Administraci\u00f3n de Residenciales y entidades del \u00e1rea comercial. Adem\u00e1s, se cuenta con participaci\u00f3n en la prestaci\u00f3n de servicios de Hosting, nombres de dominio, desarrollo y dise\u00f1o de sitios web, as\u00ed como tambi\u00e9n asesor\u00eda para el dise\u00f1o de tiendas en l\u00ednea, se ofrece el servicio de integraci\u00f3n de pasarela de pagos con tarjeta con acreditaciones en cuentas de banco local.<\/p>\n<\/div>\n<\/div>\n<\/div><\/section>\n\t\t\n\t\t<section class=\"wow fadeInRight \"    ><div class=\"col-xs-12 col-md-8\">\n\n<!-- Fast Secure Contact Form plugin 4.0.52 - begin - FastSecureContactForm.com -->\r\n<div style=\"clear:both;\"><\/div>\n<h3>Sus comentarios y preguntas son bienvenidos.<\/h3>\r\n<div id=\"FSContact1\" style=\"width:99%; max-width:555px;\">\r\n<form action=\"https:\/\/asesoresenweb.com\/index.php?rest_route=%2Fwp%2Fv2%2Fpages%2F83#FSContact1\" id=\"fscf_form1\" method=\"post\">\r\n\n<div id=\"fscf_required1\">\n  <span style=\"text-align:left;\">*<\/span> <span style=\"text-align:left;\">Indica los campos requeridos<\/span>\n<\/div>\n\n\n<div id=\"fscf_div_clear1_0\" style=\"clear:both;\">\n  <div id=\"fscf_div_field1_0\" style=\"clear:left; float:left; width:99%; max-width:550px; margin-right:10px;\">\r\n    <div style=\"text-align:left; padding-top:5px;\">\n      <label style=\"text-align:left;\" for=\"fscf_name1\">Nombre<span style=\"text-align:left;\">*<\/span><\/label>\n    <\/div>\r\n    <div style=\"text-align:left;\">\r\n      <input style=\"display: block;     width: 100%;     border-radius: 4px;     -webkit-border-radius: 4px;     -moz-border-radius: 4px;     color: #000;     border: 1px solid #F62528;     padding: 13px;     margin: 5px 0 25px 0;     font-size: 16px;     max-height: 45px;\" type=\"text\" id=\"fscf_name1\" name=\"full_name\" value=\"\"  readonly=\"readonly\" \/>\r\n    <\/div>\r\n  <\/div>\n<\/div>\n\n<div id=\"fscf_div_clear1_1\" style=\"clear:both;\">\n  <div id=\"fscf_div_field1_1\" style=\"clear:left; float:left; width:99%; max-width:550px; margin-right:10px;\">\n    <div style=\"text-align:left; padding-top:5px;\">\n      <label style=\"text-align:left;\" for=\"fscf_email1\">Correo electr\u00f3nico<span style=\"text-align:left;\">*<\/span><\/label>\n    <\/div>\n    <div style=\"text-align:left;\">\n      <input style=\"display: block;     width: 100%;     border-radius: 4px;     -webkit-border-radius: 4px;     -moz-border-radius: 4px;     color: #000;     border: 1px solid #F62528;     padding: 13px;     margin: 5px 0 25px 0;     font-size: 16px;     max-height: 45px;\" type=\"text\" id=\"fscf_email1\" name=\"email\" value=\"\"  readonly=\"readonly\" \/>\n    <\/div>\n  <\/div>\n<\/div>\n\n<div id=\"fscf_div_clear1_2\" style=\"clear:both;\">\n  <div id=\"fscf_div_field1_2\" style=\"clear:left; float:left; width:99%; max-width:550px; margin-right:10px;\">\n    <div style=\"text-align:left; padding-top:5px;\">\n      <label style=\"text-align:left;\" for=\"fscf_field1_2\">Asunto<span style=\"text-align:left;\">*<\/span><\/label>\n    <\/div>\n    <div style=\"text-align:left;\">\n      <input style=\"display: block;     width: 100%;     border-radius: 4px;     -webkit-border-radius: 4px;     -moz-border-radius: 4px;     color: #000;     border: 1px solid #F62528;     padding: 13px;     margin: 5px 0 25px 0;     font-size: 16px;     max-height: 45px;\" type=\"text\" id=\"fscf_field1_2\" name=\"subject\" value=\"\"  \/>\n    <\/div>\n  <\/div>\n<\/div>\n\n<div id=\"fscf_div_clear1_3\" style=\"clear:both;\">\n  <div id=\"fscf_div_field1_3\" style=\"clear:left; float:left; width:99%; max-width:550px; margin-right:10px;\">\n    <div style=\"text-align:left; padding-top:5px;\">\n      <label style=\"text-align:left;\" for=\"fscf_field1_3\">Mensaje<span style=\"text-align:left;\">*<\/span><\/label>\n    <\/div>\n    <div style=\"text-align:left;\">\n      <textarea style=\"display: block;     width: 100%;     height: 200px;     border-radius: 4px;     -webkit-border-radius: 4px;     -moz-border-radius: 4px;     background-color: #fff;     color: #000;     border: 1px solid #F62528;     padding: 10px;     margin: 5px 0 25px 0;\" id=\"fscf_field1_3\" name=\"message\" cols=\"30\" rows=\"10\" ><\/textarea>\n    <\/div>\n  <\/div>\n<\/div>\r\n<div style=\"clear:both;\"><\/div>\n\n<div style=\"text-align:left; padding-top:5px;\">\n<\/div>\n<div id=\"fscf_captcha_image_div1\" style=\"width:175px; height:50px; padding-top:2px;\">\n      <img decoding=\"async\" id=\"fscf_captcha_image1\" style=\"border-style:none; margin:0; padding:0px; padding-right:5px; float:left;\" src=\"https:\/\/asesoresenweb.com\/wp-content\/plugins\/si-contact-form\/captcha\/securimage_show.php?ctf_sm_captcha=1&amp;prefix=CZuJ4dx3KEWV4CUz\" width=\"132\" height=\"45\" alt=\"CAPTCHA\" title=\"CAPTCHA\" \/>\n      <input id=\"fscf_captcha_prefix1\" type=\"hidden\" name=\"fscf_captcha_prefix1\" value=\"CZuJ4dx3KEWV4CUz\" \/>\n     <div id=\"fscf_captcha_refresh1\">\n        <a href=\"#\" rel=\"nofollow\" title=\"Refrescar\" onclick=\"fscf_captcha_refresh('1','\/wp-content\/plugins\/si-contact-form\/captcha','https:\/\/asesoresenweb.com\/wp-content\/plugins\/si-contact-form\/captcha\/securimage_show.php?ctf_sm_captcha=1&amp;prefix='); return false;\">\n        <img decoding=\"async\" src=\"https:\/\/asesoresenweb.com\/wp-content\/plugins\/si-contact-form\/captcha\/images\/refresh.png\" width=\"22\" height=\"20\" alt=\"Refrescar\" style=\"border-style:none; margin:0; padding:0px; vertical-align:bottom;\" onclick=\"this.blur();\" \/><\/a>\r\n     <\/div>\r\n<\/div>\r\n\r\n<div id=\"fscf_captcha_field1\" style=\"text-align:left; padding-top:5px;\">\r\n     <label style=\"text-align:left;\" for=\"fscf_captcha_code1\">C\u00f3digo de Validaci\u00f3n<span style=\"text-align:left;\">*<\/span><\/label>\r\n<\/div>\r\n<div style=\"text-align:left;\">\n     <input style=\"text-align:left; margin:0; width:50px;\" type=\"text\" value=\"\" autocomplete=\"off\" id=\"fscf_captcha_code1\" name=\"captcha_code\"  \/>\n<\/div>\n        \r\n<div style=\"display:none;\">\r\n     <label for=\"firstname1\"><small>Leave this field empty<\/small><\/label>\r\n     <input type=\"text\" name=\"firstname\" id=\"firstname1\" value=\"\" \/>\r\n<\/div>\r\n\n<div id=\"fscf_submit_div1\" style=\"text-align:left; clear:both; padding-top:15px;\">\r\n\t\t<input type=\"submit\" id=\"fscf_submit1\" style=\"cursor:pointer; margin:0;\" value=\"Enviar\"  onclick=\"this.disabled=true; this.value='Enviando...'; this.form.submit();\" \/> \n<\/div>\n\n<input type=\"hidden\" name=\"fscf_submitted\" value=\"0\" \/>\n<input type=\"hidden\" name=\"fs_postonce_1\" value=\"a490c32be214ad8f293b966d9a90f769,1776547705\" \/>\n<input type=\"hidden\" name=\"si_contact_action\" value=\"send\" \/>\n<input type=\"hidden\" name=\"form_id\" value=\"1\" \/>\n<input type=\"hidden\" name=\"mailto_id\" value=\"1\" \/>\n\n<\/form>\n<\/div>\r\n<div style=\"clear:both;\"><\/div>\n\n<!-- Fast Secure Contact Form plugin 4.0.52 - end - FastSecureContactForm.com -->\n<\/div><\/section>\n\t\t\n<\/div>\n<style>\n.thumbnail {<br \/>\nborder: 2px solid #F52528 !Important;<br \/>\n}<br \/>\n<\/style>\n","protected":false},"excerpt":{"rendered":"<p>3a. Avenida 3-50 Zona 9, Ciudad de Guatemala PBX: (502) 5923-7059<\/p>\n","protected":false},"author":1,"featured_media":0,"parent":2,"menu_order":0,"comment_status":"closed","ping_status":"closed","template":"","meta":{"footnotes":""},"class_list":["post-83","page","type-page","status-publish","hentry"],"_links":{"self":[{"href":"https:\/\/asesoresenweb.com\/index.php?rest_route=\/wp\/v2\/pages\/83","targetHints":{"allow":["GET"]}}],"collection":[{"href":"https:\/\/asesoresenweb.com\/index.php?rest_route=\/wp\/v2\/pages"}],"about":[{"href":"https:\/\/asesoresenweb.com\/index.php?rest_route=\/wp\/v2\/types\/page"}],"author":[{"embeddable":true,"href":"https:\/\/asesoresenweb.com\/index.php?rest_route=\/wp\/v2\/users\/1"}],"replies":[{"embeddable":true,"href":"https:\/\/asesoresenweb.com\/index.php?rest_route=%2Fwp%2Fv2%2Fcomments&post=83"}],"version-history":[{"count":48,"href":"https:\/\/asesoresenweb.com\/index.php?rest_route=\/wp\/v2\/pages\/83\/revisions"}],"predecessor-version":[{"id":402,"href":"https:\/\/asesoresenweb.com\/index.php?rest_route=\/wp\/v2\/pages\/83\/revisions\/402"}],"up":[{"embeddable":true,"href":"https:\/\/asesoresenweb.com\/index.php?rest_route=\/wp\/v2\/pages\/2"}],"wp:attachment":[{"href":"https:\/\/asesoresenweb.com\/index.php?rest_route=%2Fwp%2Fv2%2Fmedia&parent=83"}],"curies":[{"name":"wp","href":"https:\/\/api.w.org\/{rel}","templated":true}]}}